{"id":3715,"date":"2020-12-23T14:29:52","date_gmt":"2020-12-23T13:29:52","guid":{"rendered":"http:\/\/www.spesagodina.it\/web\/frequently-asked-questions-copy\/"},"modified":"2024-09-17T16:10:09","modified_gmt":"2024-09-17T14:10:09","slug":"domande-frequenti","status":"publish","type":"page","link":"https:\/\/www.spesagodina.it\/web\/domande-frequenti\/","title":{"rendered":"Domande Frequenti"},"content":{"rendered":"<p>[vc_row][vc_column][vc_column_text]<\/p>\n<h1 style=\"text-align: center;\">Domande Frequenti<\/h1>\n<p>[\/vc_column_text][\/vc_column][\/vc_row][vc_row][vc_column][vc_tta_tour style=&#8221;modern&#8221; shape=&#8221;square&#8221; color=&#8221;white&#8221; spacing=&#8221;5&#8243; active_section=&#8221;1&#8243; css_animation=&#8221;none&#8221;][vc_tta_section title=&#8221;COPERTURA DEL SERVIZIO&#8221; tab_id=&#8221;faqs1&#8243;][vc_column_text]Il servizio di Godina srl \u00e8 disponibile in tutta Italia.[\/vc_column_text][\/vc_tta_section][vc_tta_section title=&#8221;COSTI DEL SERVIZIO&#8221; tab_id=&#8221;faqs2&#8243;][vc_column_text]<strong>Spesa a domicilio (Gorizia e limitrofi):<\/strong><br \/>\nIl servizio di consegna a domicilio ha un costo di \u20ac 3.<br \/>\nIl servizio di consegna di sole acque o bibite (max 4 casse totali) avr\u00e0 sempre e comunque un costo di \u20ac 5.00. Non sono erogabili spese di importo inferiore a \u20ac 25.00. La consegna \u00e8 disponibile all\u2019interno del Comune di Gorizia e zone limitrofe<\/p>\n<p><strong>Spedizioni Italia:<\/strong><br \/>\nLe spese di spedizione vengono calcolate in base al peso e sono le seguenti:<\/p>\n<p>\u25a0 Da 0 a 12 kg \u20ac 10,00 (Sicilia, Sardegna, Calabria + \u20ac 5.00)<br \/>\n\u25a0 Da 12,1 a 50 kg \u20ac 20.00 (Sicilia, Sardegna, Calabria + \u20ac 7.50)<br \/>\n\u25a0 Da 50,1 a 100 kg \u20ac 30.00 (Sicilia, Sardegna, Calabria + \u20ac 10.00)<\/p>\n<p>L\u2019importo minimo di spesa \u00e8 di \u20ac 40[\/vc_column_text][\/vc_tta_section][vc_tta_section title=&#8221;COSA FACCIO SE NON SONO SODDISFATTO DELLA MERCE?&#8221; tab_id=&#8221;faqs3&#8243;][vc_column_text]Hai trovato un problema o un errore nella tua spesa? Nessun problema, siamo qui per te. Contattaci telefonicamente allo 0481533136 oppure tramite mail a info@spesagodina.it. Faremo il possibile per risolvere l\u2019inconveniente.[\/vc_column_text][\/vc_tta_section][vc_tta_section title=&#8221;METODI DI PAGAMENTO&#8221; tab_id=&#8221;faqs5&#8243;][vc_column_text]Puoi saldare il tuo conto alla consegna o al momento del ritiro della merce nel nostro punto vendita. Puoi scegliere tra contanti, bancomat, carte di credito e bonifico bancario. Per le spedizioni nel resto d\u2019Italia pagamento via bonifico bancario.[\/vc_column_text][\/vc_tta_section][vc_tta_section title=&#8221;MODALIT\u00c0 E TEMPI DI CONSEGNA&#8221; tab_id=&#8221;faqs6&#8243;][vc_column_text]<strong>Spesa a domicilio (Gorizia e limitrofi):<\/strong><br \/>\nper ordini effettuati in mattinata consegna entro le ore 14:30. Per ordini effettuati dopo le ore 14:30 consegna entro le 18:30. Gli ordini devo arrivare <strong>tassativamente <\/strong>entro le ore 17:00.<\/p>\n<p><strong>Spedizioni Italia:<\/strong><br \/>\nspedizioni attive dal luned\u00ec al venerd\u00ec dalle ore 09:00 alle 18:00. Consegna in 1-2 giorni lavorativi (2-4 giorni per ISOLE e zone remote) dal ricevimento del pagamento.[\/vc_column_text][\/vc_tta_section][vc_tta_section title=&#8221;I PRODOTTI SUL SITO SONO SEMPRE DISPONIBILI?&#8221; tab_id=&#8221;faqs7&#8243;][vc_column_text]Il sito \u00e8 in grado di valorizzare le disponibilit\u00e0 al momento dell&#8217;ordine, e generalmente sono sempre valori reali. Tuttavia potrebbe accadere che alcuni prodotti siano temporaneamente non disponibili. In questo caso il prodotto non disponibile non verr\u00e0 addebitato, il relativo importo verr\u00e0 sottratto dal totale dell&#8217;ordine e tutto ci\u00f2 verr\u00e0 comunicato alla consegna.<br \/>\nGodina srl non sar\u00e0 in alcun modo responsabile per la temporanea o definitiva indisponibilit\u00e0 di uno o pi\u00f9 prodotti.<br \/>\n[\/vc_column_text][\/vc_tta_section][vc_tta_section title=&#8221;POSSO ORDINARE TELEFONICAMENTE O TRAMITE EMAIL?&#8221; tab_id=&#8221;1612863902739-246400fd-a5ee&#8221;][vc_column_text]Si, possono essere effettuati ordini via telefono. Il numero di riferimento \u00e8: 0481 533136 oppure cell. 3703658301 (in caso di linea guasta).<br \/>\nPossono essere anche effettuati ordini via email all&#8217;indirizzo info@spesagodina.it.[\/vc_column_text][\/vc_tta_section][\/vc_tta_tour][\/vc_column][\/vc_row][vc_row css=&#8221;.vc_custom_1504750735093{margin-top: 50px !important;}&#8221;][vc_column width=&#8221;1\/6&#8243;][\/vc_column][vc_column width=&#8221;2\/3&#8243;][tbay_title_heading title=&#8221;Non hai trovato risposta alla tua domanda?&#8221; align=&#8221;center&#8221; buttons=&#8221;btn-default btn-outline&#8221; buttons2=&#8221;btn-default btn-outline&#8221;][vc_column_text]<\/p>\n<p style=\"text-align: center;\"><a class=\"btn-color btn-slider\" href=\"https:\/\/www.spesagodina.it\/web\/contattaci\/\">CONTATTACI<\/a><\/p>\n<p>[\/vc_column_text][\/vc_column][vc_column width=&#8221;1\/6&#8243;][\/vc_column][\/vc_row][vc_row][vc_column][vc_empty_space height=&#8221;50px&#8221;][\/vc_column][\/vc_row]<\/p>\n","protected":false},"excerpt":{"rendered":"<p>[vc_row][vc_column][vc_column_text] Domande Frequenti [\/vc_column_text][\/vc_column][\/vc_row][vc_row][vc_column][vc_tta_tour style=&#8221;modern&#8221; shape=&#8221;square&#8221; color=&#8221;white&#8221; spacing=&#8221;5&#8243; active_section=&#8221;1&#8243; css_animation=&#8221;none&#8221;][vc_tta_section title=&#8221;COPERTURA DEL SERVIZIO&#8221; tab_id=&#8221;faqs1&#8243;][vc_column_text]Il servizio di Godina srl \u00e8 disponibile in tutta Italia.[\/vc_column_text][\/vc_tta_section][vc_tta_section title=&#8221;COSTI DEL SERVIZIO&#8221; tab_id=&#8221;faqs2&#8243;][vc_column_text]Spesa a domicilio (Gorizia e limitrofi): Il servizio di consegna a domicilio ha un costo di \u20ac 3. Il servizio di consegna di sole acque o bibite (max 4 &hellip; <a href=\"https:\/\/www.spesagodina.it\/web\/domande-frequenti\/\" class=\"more-link\">Continue reading <span class=\"screen-reader-text\">Domande Frequenti<\/span><\/a><\/p>\n","protected":false},"author":1,"featured_media":0,"parent":0,"menu_order":0,"comment_status":"closed","ping_status":"closed","template":"","meta":{"footnotes":""},"class_list":["post-3715","page","type-page","status-publish","hentry"],"yoast_head":"<!-- This site is optimized with the Yoast SEO plugin v27.5 - https:\/\/yoast.com\/product\/yoast-seo-wordpress\/ -->\n<title>Domande Frequenti - Godina Supermercato<\/title>\n<meta name=\"robots\" content=\"index, follow, max-snippet:-1, max-image-preview:large, max-video-preview:-1\" \/>\n<link rel=\"canonical\" href=\"https:\/\/www.spesagodina.it\/web\/domande-frequenti\/\" \/>\n<meta property=\"og:locale\" content=\"it_IT\" \/>\n<meta property=\"og:type\" content=\"article\" \/>\n<meta property=\"og:title\" content=\"Domande Frequenti - Godina Supermercato\" \/>\n<meta property=\"og:description\" content=\"[vc_row][vc_column][vc_column_text] Domande Frequenti [\/vc_column_text][\/vc_column][\/vc_row][vc_row][vc_column][vc_tta_tour style=&#8221;modern&#8221; shape=&#8221;square&#8221; color=&#8221;white&#8221; spacing=&#8221;5&#8243; active_section=&#8221;1&#8243; css_animation=&#8221;none&#8221;][vc_tta_section title=&#8221;COPERTURA DEL SERVIZIO&#8221; tab_id=&#8221;faqs1&#8243;][vc_column_text]Il servizio di Godina srl \u00e8 disponibile in tutta Italia.[\/vc_column_text][\/vc_tta_section][vc_tta_section title=&#8221;COSTI DEL SERVIZIO&#8221; tab_id=&#8221;faqs2&#8243;][vc_column_text]Spesa a domicilio (Gorizia e limitrofi): Il servizio di consegna a domicilio ha un costo di \u20ac 3. Il servizio di consegna di sole acque o bibite (max 4 &hellip; Continue reading Domande Frequenti\" \/>\n<meta property=\"og:url\" content=\"https:\/\/www.spesagodina.it\/web\/domande-frequenti\/\" \/>\n<meta property=\"og:site_name\" content=\"Godina Supermercato\" \/>\n<meta property=\"article:modified_time\" content=\"2024-09-17T14:10:09+00:00\" \/>\n<meta name=\"twitter:card\" content=\"summary_large_image\" \/>\n<meta name=\"twitter:label1\" content=\"Tempo di lettura stimato\" \/>\n\t<meta name=\"twitter:data1\" content=\"3 minuti\" \/>\n<script type=\"application\/ld+json\" class=\"yoast-schema-graph\">{\"@context\":\"https:\\\/\\\/schema.org\",\"@graph\":[{\"@type\":\"WebPage\",\"@id\":\"https:\\\/\\\/www.spesagodina.it\\\/web\\\/domande-frequenti\\\/\",\"url\":\"https:\\\/\\\/www.spesagodina.it\\\/web\\\/domande-frequenti\\\/\",\"name\":\"Domande Frequenti - Godina Supermercato\",\"isPartOf\":{\"@id\":\"https:\\\/\\\/www.spesagodina.it\\\/web\\\/#website\"},\"datePublished\":\"2020-12-23T13:29:52+00:00\",\"dateModified\":\"2024-09-17T14:10:09+00:00\",\"breadcrumb\":{\"@id\":\"https:\\\/\\\/www.spesagodina.it\\\/web\\\/domande-frequenti\\\/#breadcrumb\"},\"inLanguage\":\"it-IT\",\"potentialAction\":[{\"@type\":\"ReadAction\",\"target\":[\"https:\\\/\\\/www.spesagodina.it\\\/web\\\/domande-frequenti\\\/\"]}]},{\"@type\":\"BreadcrumbList\",\"@id\":\"https:\\\/\\\/www.spesagodina.it\\\/web\\\/domande-frequenti\\\/#breadcrumb\",\"itemListElement\":[{\"@type\":\"ListItem\",\"position\":1,\"name\":\"Home\",\"item\":\"https:\\\/\\\/www.spesagodina.it\\\/web\\\/\"},{\"@type\":\"ListItem\",\"position\":2,\"name\":\"Domande Frequenti\"}]},{\"@type\":\"WebSite\",\"@id\":\"https:\\\/\\\/www.spesagodina.it\\\/web\\\/#website\",\"url\":\"https:\\\/\\\/www.spesagodina.it\\\/web\\\/\",\"name\":\"Godina Supermercato\",\"description\":\"\",\"potentialAction\":[{\"@type\":\"SearchAction\",\"target\":{\"@type\":\"EntryPoint\",\"urlTemplate\":\"https:\\\/\\\/www.spesagodina.it\\\/web\\\/?s={search_term_string}\"},\"query-input\":{\"@type\":\"PropertyValueSpecification\",\"valueRequired\":true,\"valueName\":\"search_term_string\"}}],\"inLanguage\":\"it-IT\"}]}<\/script>\n<!-- \/ Yoast SEO plugin. -->","yoast_head_json":{"title":"Domande Frequenti - Godina Supermercato","robots":{"index":"index","follow":"follow","max-snippet":"max-snippet:-1","max-image-preview":"max-image-preview:large","max-video-preview":"max-video-preview:-1"},"canonical":"https:\/\/www.spesagodina.it\/web\/domande-frequenti\/","og_locale":"it_IT","og_type":"article","og_title":"Domande Frequenti - Godina Supermercato","og_description":"[vc_row][vc_column][vc_column_text] Domande Frequenti [\/vc_column_text][\/vc_column][\/vc_row][vc_row][vc_column][vc_tta_tour style=&#8221;modern&#8221; shape=&#8221;square&#8221; color=&#8221;white&#8221; spacing=&#8221;5&#8243; active_section=&#8221;1&#8243; css_animation=&#8221;none&#8221;][vc_tta_section title=&#8221;COPERTURA DEL SERVIZIO&#8221; tab_id=&#8221;faqs1&#8243;][vc_column_text]Il servizio di Godina srl \u00e8 disponibile in tutta Italia.[\/vc_column_text][\/vc_tta_section][vc_tta_section title=&#8221;COSTI DEL SERVIZIO&#8221; tab_id=&#8221;faqs2&#8243;][vc_column_text]Spesa a domicilio (Gorizia e limitrofi): Il servizio di consegna a domicilio ha un costo di \u20ac 3. Il servizio di consegna di sole acque o bibite (max 4 &hellip; Continue reading Domande Frequenti","og_url":"https:\/\/www.spesagodina.it\/web\/domande-frequenti\/","og_site_name":"Godina Supermercato","article_modified_time":"2024-09-17T14:10:09+00:00","twitter_card":"summary_large_image","twitter_misc":{"Tempo di lettura stimato":"3 minuti"},"schema":{"@context":"https:\/\/schema.org","@graph":[{"@type":"WebPage","@id":"https:\/\/www.spesagodina.it\/web\/domande-frequenti\/","url":"https:\/\/www.spesagodina.it\/web\/domande-frequenti\/","name":"Domande Frequenti - Godina Supermercato","isPartOf":{"@id":"https:\/\/www.spesagodina.it\/web\/#website"},"datePublished":"2020-12-23T13:29:52+00:00","dateModified":"2024-09-17T14:10:09+00:00","breadcrumb":{"@id":"https:\/\/www.spesagodina.it\/web\/domande-frequenti\/#breadcrumb"},"inLanguage":"it-IT","potentialAction":[{"@type":"ReadAction","target":["https:\/\/www.spesagodina.it\/web\/domande-frequenti\/"]}]},{"@type":"BreadcrumbList","@id":"https:\/\/www.spesagodina.it\/web\/domande-frequenti\/#breadcrumb","itemListElement":[{"@type":"ListItem","position":1,"name":"Home","item":"https:\/\/www.spesagodina.it\/web\/"},{"@type":"ListItem","position":2,"name":"Domande Frequenti"}]},{"@type":"WebSite","@id":"https:\/\/www.spesagodina.it\/web\/#website","url":"https:\/\/www.spesagodina.it\/web\/","name":"Godina Supermercato","description":"","potentialAction":[{"@type":"SearchAction","target":{"@type":"EntryPoint","urlTemplate":"https:\/\/www.spesagodina.it\/web\/?s={search_term_string}"},"query-input":{"@type":"PropertyValueSpecification","valueRequired":true,"valueName":"search_term_string"}}],"inLanguage":"it-IT"}]}},"_links":{"self":[{"href":"https:\/\/www.spesagodina.it\/web\/wp-json\/wp\/v2\/pages\/3715","targetHints":{"allow":["GET"]}}],"collection":[{"href":"https:\/\/www.spesagodina.it\/web\/wp-json\/wp\/v2\/pages"}],"about":[{"href":"https:\/\/www.spesagodina.it\/web\/wp-json\/wp\/v2\/types\/page"}],"author":[{"embeddable":true,"href":"https:\/\/www.spesagodina.it\/web\/wp-json\/wp\/v2\/users\/1"}],"replies":[{"embeddable":true,"href":"https:\/\/www.spesagodina.it\/web\/wp-json\/wp\/v2\/comments?post=3715"}],"version-history":[{"count":15,"href":"https:\/\/www.spesagodina.it\/web\/wp-json\/wp\/v2\/pages\/3715\/revisions"}],"predecessor-version":[{"id":20365,"href":"https:\/\/www.spesagodina.it\/web\/wp-json\/wp\/v2\/pages\/3715\/revisions\/20365"}],"wp:attachment":[{"href":"https:\/\/www.spesagodina.it\/web\/wp-json\/wp\/v2\/media?parent=3715"}],"curies":[{"name":"wp","href":"https:\/\/api.w.org\/{rel}","templated":true}]}}